693/7 + c*1 is divided by 26.
25
Suppose 11*g - 19 - 3 = 0. Suppose -107 = -r - g*r + j, -r - j = -29. What is the remainder when 269 is divided by r?
31
Let j(q) = -2*q**3 + 47*q**2 - 256*q + 63. Suppose -2*p + 5*m - 52 + 551 = 0, 1210 = 5*p - 5*m. What is the remainder when p is divided by j(15)?
45
Let v(s) = -4*s**3. Suppose -l + 7*x + 49 = 2*x, -x = 3*l - 115. Let m = l - 20. Calculate the remainder when m is divided by v(-1).
3
Suppose 0 = 5*h - 3*h - 518. What is the remainder when h is divided by 89?
81
Suppose -4*m + 318 = 2*m. Let f = -16 + m. Let k = 124 - f. Calculate the remainder when k is divided by 22.
21
Let b = -4 + 7. Let y(w) = 2*w**b + 6 - 5*w**2 - w - w**3 - 6*w + 0. What is the remainder when y(7) is divided by 14?
13
Let z(v) = 3*v**2 - 31*v - 26. What is the remainder when z(-6) is divided by 91?
86
Let l be (15/12)/(2/8). Let q(h) = -29 + 0 - 4*h + 17 + 2*h**2. What is the remainder when 49 is divided by q(l)?
13
Suppose 0 = -14*i + 493 - 143. What is the remainder when 574 is divided by i?
24
Let z = 572 + -513. What is the remainder when 149 is divided by z?
31
Let h = -327 + 404. What is the remainder when 615 is divided by h?
76
Let n(d) = -d**2 - 19*d + 38. What is the remainder when n(-20) is divided by 16?
2
Suppose -4*k + a + 34 = 0, -39*a + 13 = k - 37*a. Let b(l) = l**2 - l + 17. Calculate the remainder when b(0) is divided by k.
8
Let l be (13/(-3))/((-8)/48). Let f = -19 + l. Calculate the remainder when (-2)/((4/9)/(-4)) is divided by f.
4
Suppose 2*p + r + 90 = 323, -4*p + 451 = 5*r. Let w = -5032 + 5064. What is the remainder when p is divided by w?
23
Let r = -2 - 10. Calculate the remainder when (188/r)/(4/(-12)) is divided by 17.
13
Let s = -117 + 137. Calculate the remainder when 94 is divided by s.
14
Suppose 280 = 40*c - 400. Calculate the remainder when 193 is divided by c.
6
Suppose 3*n = -u + 227, 4*u + 301 = 4*n + 5*u. Let y = 2 + 0. Suppose -4*v - 4*d + y = -74, 0 = 5*d. Calculate the remainder when n is divided by v.
17
Let a = -10 + 13. Suppose 0 = a*s - 44 - 61. Let c = s - 22. What is the remainder when 49 is divided by c?
10
Let k(o) = -2*o**3 - 21*o**2 - 26*o + 21. Calculate the remainder when 342 is divided by k(-9).
6
Let s = -2003 - -2261. What is the remainder when s is divided by 254?
4
Let a be (0 - -1)*1*(-1192)/(-4). Suppose 9*d - a = 17. What is the remainder when 136 is divided by d?
31
Let x(f) = 9*f + 14*f + 13 - 38*f + 14*f. Let z(t) = 6*t. Let o be z(-1). Calculate the remainder when 37 is divided by x(o).
18
Suppose -29*s + 109 = -24*s + 3*m, 0 = s - 3*m - 11. Suppose 7 + 5 = 3*b. Suppose 0 = 7*x - b*x - 231. Calculate the remainder when x is divided by s.
17
Let u(d) be the third derivative of d**6/30 - d**4/8 + d**3/6 - 11*d**2. Calculate the remainder when u(2) is divided by 6.
3
Calculate the remainder when (1 + 78/(-1))*1*-2 is divided by 39.
37
Suppose -5 = -4*n + 15. Suppose a + n - 45 = 0. Calculate the remainder when a is divided by 15.
10
Let s = -204 - -214. Let g = -38 - -74. Calculate the remainder when g is divided by s.
6
Let z = 10 - 12. Calculate the remainder when 61 is divided by -4 - -13*(3 + z).
7
What is the remainder when -1 + 435 - (-9)/(-9) is divided by 14?
13
Let u = 10 + -8. Suppose b - 107 = -3*x, x + x - 74 = u*b. What is the remainder when x is divided by 13?
10
Suppose 1 = -10*h + 11. Suppose -3*d + 6 = 0, -j - d + 29 = h. Calculate the remainder when 77 is divided by j.
25
Suppose -4*c - 4*t = 40, -2*c + 3*t = t + 4. Let p be 16/c + 6/9. Calculate the remainder when 8 is divided by (3/p)/(2/(-4)).
2
Suppose -26 + 83 = 3*t - 3*k, -t + 15 = k. Suppose 0 = -0*s + s - t. What is the remainder when 65 is divided by s?
14
Calculate the remainder when (710/(-20) - -11)*-12*3 is divided by 34.
32
Let r = 1116 - 1082. What is the remainder when 66 is divided by r?
32
Let r be 50/20*(-28)/(-5). Let t(p) = -p**3 + 15*p**2 - 12*p - 20. Let q be t(r). Let s = q + 1. What is the remainder when 35 is divided by s?
8
Let o = 548 - 529. What is the remainder when 45 is divided by o?
7
Let v(h) be the first derivative of 11*h**2/2 - 63*h - 58. Let z = 15 - -3. Calculate the remainder when v(12) is divided by z.
15
Let o = -48 - -88. Suppose 4*k = j - 36, -j - k + o = -6*k. What is the remainder when j is divided by ((-22)/8 - 0)*-4?
9
Let f be (-20)/50 + 17/5. Suppose -q + 27 = j - 5*j, 4*j = 2*q - 62. Suppose q = f*p + 11. What is the remainder when 21 is divided by p?
5
Suppose -51 = -t + 123. Suppose -7*r + t = -155. Calculate the remainder when 92 is divided by r.
45
Let w(o) = -3*o + 48. Let u = 5 - 9. Calculate the remainder when (1 - -9)/((-1)/u) is divided by w(9).
19
Let f be (1 + -7)/(-6 + 176/28). Let s = f + 41. Calculate the remainder when 39 is divided by s.
19
Let d = -127 - -197. Let v = 86 - d. What is the remainder when 26 is divided by v?
10
Let z(c) = 7*c - 13. What is the remainder when 44 is divided by z(6)?
15
Calculate the remainder when 37 is divided by (0 + 1)*((7 - 3) + 17).
16
Suppose 8 = 4*v - n, -v + 0*n = -4*n + 13. Let a = v + 8. Calculate the remainder when 42 is divided by a.
9
What is the remainder when 30*((-18)/(-108))/((-2)/(-92)) is divided by 45?
5
Suppose z - 4*n + 5*n = 76, -5*n = -z + 46. Suppose -2*k - 5*w + 18 = k, 6 = -2*w. What is the remainder when (-1 - z)/(-4) + 7 + -4 is divided by k?
10
Let z(q) = 7*q**2 + 115*q - 12. Calculate the remainder when z(-18) is divided by 7.
4
Let j = -49 + 50. Let x = j + 13. Calculate the remainder when x is divided by 4.
2
Calculate the remainder when 388 is divided by (-2632)/(-84) + (-4)/3.
28
Let g(l) = 9*l**2 + 43*l + 55. Let u(x) = -4*x**2 - 21*x - 27. Let q(w) = 3*g(w) + 7*u(w). Calculate the remainder when 15 is divided by q(-16).
7
Suppose -7*l + 12*l = -70. Let d = 18 + l. Suppose 0 = d*z + 3*p - 59, 2*z + 4*p - 53 = -11. What is the remainder when 31 is divided by z?
9
Calculate the remainder when (39/18)/(((-325)/(-8346))/25) is divided by 58.
57
Let c = 565 + -551. Calculate the remainder when 795/(-10)*(-4)/6 is divided by c.
11
Let d(u) = -u**3 - 2*u**2 - u - 1. Let v be d(2). Let s = -25 - v. Calculate the remainder when s/(-3) + 3 + 73 is divided by 16.
14
Let o = 685 + -485. What is the remainder when o is divided by 67?
66
Let z = 26 + -21. Suppose -2*j + z*f = -28, -8*j + 5*j + 5*f = -47. Calculate the remainder when j is divided by 10.
9
Suppose -13704 = -6*h - 18*h. What is the remainder when h is divided by 32?
27
Let h be 3/(-15) + 142/10. Let f = h - -1. Let t(p) = 8*p + 262. What is the remainder when f is divided by t(-32)?
3
Suppose 3*a - 16 = a. Suppose 5*f - 3*t - 50 = 0, -t = 4*f + 4*t - 77. Let s(j) = j**3 - 12*j**2 - 12*j + 1. Calculate the remainder when s(f) is divided by a.
6
Let w = 49 - 28. What is the remainder when (2 - 20/6) + (-736)/(-12) is divided by w?
18
Calculate the remainder when 146 is divided by ((-176)/28)/(-1*4/28).
14
Let a(u) = 3*u**3 - 16*u**2 + 18*u - 39. Calculate the remainder when 1690 is divided by a(6).
139
Suppose g + h + 2 = 0, -19 + 5 = -5*g + h. Suppose -g*c + 16 = -3*n + 4*n, 5*c - 3*n - 40 = 0. What is the remainder when 13 is divided by c?
5
Let i = 0 - -21. Suppose 3*d - 5*d + 204 = 0. What is the remainder when d is divided by i?
18
Suppose 12 - 92 = -4*y. Let p(a) = -a**3 - 23*a**2 - a - 11. Calculate the remainder when y is divided by p(-23).
8
Let o(b) = 78*b + 498. What is the remainder when 418 is divided by o(-6)?
28
Calculate the remainder when 14 is divided by 3 + (-7 + 7)/10.
2
Suppose -4173 = -15*f - 138. Calculate the remainder when f is divided by 70.
59
Suppose 3*y - 3095 = -2*y. Suppose -2*a + y = -5*z, 3*a - 866 = -0*a - 5*z. Let b = a - 212. Calculate the remainder when b is divided by 22.
19
What is the remainder when (-6 - -7)/(1/379) is divided by 38?
37
Let n = -124 + 160. Calculate the remainder when 145/2 - (-15)/(-10) is divided by n.
35
Suppose -2*v + 0*v - 90 = 0. Let w = v + 137. What is the remainder when w is divided by 19?
16
Calculate the remainder when 2726 - (-10 + (-54)/(-6)) is divided by 35.
32
What is the remainder when 143 is divided by (-2 + 15 - 14)*(1 - 37)?
35
Calculate the remainder when ((2/4)/(-1)*-74)/1 is divided by 22.
15
Let g(q) = -q**3 + 4*q**2 - 2*q -